{"id":12,"date":"2023-09-27T08:56:30","date_gmt":"2023-09-27T08:56:30","guid":{"rendered":"https:\/\/varkaudenmetsastajat.fi\/?page_id=12"},"modified":"2024-04-08T08:36:01","modified_gmt":"2024-04-08T08:36:01","slug":"esittely","status":"publish","type":"page","link":"https:\/\/varkaudenmetsastajat.fi\/index.php\/esittely\/","title":{"rendered":"esittely"},"content":{"rendered":"\t\t<div data-elementor-type=\"wp-page\" data-elementor-id=\"12\" class=\"elementor elementor-12\">\n\t\t\t\t<div class=\"elementor-element elementor-element-8250866 e-flex e-con-boxed e-con e-parent\" data-id=\"8250866\" data-element_type=\"container\">\n\t\t\t\t\t<div class=\"e-con-inner\">\n\t\t\t\t<div class=\"elementor-element elementor-element-2660ad1 elementor-widget elementor-widget-heading\" data-id=\"2660ad1\" data-element_type=\"widget\" data-widget_type=\"heading.default\">\n\t\t\t\t<div class=\"elementor-widget-container\">\n\t\t\t\t\t<h1 class=\"elementor-heading-title elementor-size-default\">SEURAN ESITTELY<\/h1>\t\t\t\t<\/div>\n\t\t\t\t<\/div>\n\t\t\t\t\t<\/div>\n\t\t\t\t<\/div>\n\t\t<div class=\"elementor-element elementor-element-a5c7c08 e-flex e-con-boxed e-con e-parent\" data-id=\"a5c7c08\" data-element_type=\"container\">\n\t\t\t\t\t<div class=\"e-con-inner\">\n\t\t\t\t<div class=\"elementor-element elementor-element-5d9f379 elementor-widget elementor-widget-image\" data-id=\"5d9f379\" data-element_type=\"widget\" data-widget_type=\"image.default\">\n\t\t\t\t<div class=\"elementor-widget-container\">\n\t\t\t\t\t\t\t\t\t\t\t\t\t\t\t<img fetchpriority=\"high\" decoding=\"async\" width=\"720\" height=\"357\" src=\"https:\/\/varkaudenmetsastajat.fi\/wp-content\/uploads\/2024\/01\/Maja-illalla-1024x508.jpg\" class=\"attachment-large size-large wp-image-109\" alt=\"\" srcset=\"https:\/\/varkaudenmetsastajat.fi\/wp-content\/uploads\/2024\/01\/Maja-illalla-1024x508.jpg 1024w, https:\/\/varkaudenmetsastajat.fi\/wp-content\/uploads\/2024\/01\/Maja-illalla-300x149.jpg 300w, https:\/\/varkaudenmetsastajat.fi\/wp-content\/uploads\/2024\/01\/Maja-illalla-768x381.jpg 768w, https:\/\/varkaudenmetsastajat.fi\/wp-content\/uploads\/2024\/01\/Maja-illalla-1536x763.jpg 1536w, https:\/\/varkaudenmetsastajat.fi\/wp-content\/uploads\/2024\/01\/Maja-illalla-2048x1017.jpg 2048w\" sizes=\"(max-width: 720px) 100vw, 720px\" \/>\t\t\t\t\t\t\t\t\t\t\t\t\t\t\t<\/div>\n\t\t\t\t<\/div>\n\t\t\t\t\t<\/div>\n\t\t\t\t<\/div>\n\t\t<div class=\"elementor-element elementor-element-152a25a e-flex e-con-boxed e-con e-parent\" data-id=\"152a25a\" data-element_type=\"container\">\n\t\t\t\t\t<div class=\"e-con-inner\">\n\t\t\t\t<div class=\"elementor-element elementor-element-9722b47 elementor-widget elementor-widget-text-editor\" data-id=\"9722b47\" data-element_type=\"widget\" data-widget_type=\"text-editor.default\">\n\t\t\t\t<div class=\"elementor-widget-container\">\n\t\t\t\t\t\t\t\t\t<p>Varkauden Mets\u00e4st\u00e4j\u00e4t Ry:n perustamisesta sovittiin 20 henkil\u00f6n voimin v. 1948. Yhdistysrekisteriin merkint\u00e4 tapahtui 6.9.1949.\u00a0<\/p><p>P\u00e4\u00e4osa perustajaj\u00e4senist\u00e4 oli A. Ahlstr\u00f6m Osakeyhti\u00f6n palveluksessa ja my\u00f6hemminkin seuraan liittyneet j\u00e4senet ovat suurelta osin olleet Ahlstr\u00f6min henkil\u00f6kuntaa ja 1987 tapahtuneen yrityskaupan my\u00f6t\u00e4 Stora Ensolaisia.\u00a0 Seuraa pidet\u00e4\u00e4n edelleen yhti\u00f6n mets\u00e4stysseurana vaikka j\u00e4seneksi voidaan valita my\u00f6s yhti\u00f6\u00f6n kuulumattomia henkil\u00f6it\u00e4. Huomionarvoista on perustamiskokouksessa tehty p\u00e4\u00e4t\u00f6s ottaa seuraan j\u00e4seneksi A. Ahlstr\u00f6m Osakeyhti\u00f6n p\u00e4\u00e4johtaja, Varkauden tehtaiden paikallisjohtaja ja mets\u00e4p\u00e4\u00e4llikk\u00f6.\u00a0<\/p><p>Varkauden Mets\u00e4st\u00e4j\u00e4t on SML:n Pohjois-Savon piirin yksi vanhimmista toimivista j\u00e4senseuroista. Mets\u00e4stysalueet sijaitsevat Hein\u00e4veden ja Lepp\u00e4virran kunnissa sek\u00e4 Varkauden kaupungissa. J\u00e4senm\u00e4\u00e4r\u00e4 on t\u00e4ll\u00e4 hetkell\u00e4 65.\u00a0<\/p><p>Toiminta on ollut kautta historian hyv\u00e4n yhteisty\u00f6n kehitysmy\u00f6nteisyyden ja j\u00e4senten aktiivisen osallistumisen s\u00e4vytt\u00e4m\u00e4\u00e4. J\u00e4senet ovat aktiivisesti osallistuneet riistanhoitoty\u00f6h\u00f6n monenlaisten talkoiden ja tempausten muodossa. My\u00f6s Kapeisen k\u00e4mpp\u00e4, seuran uusi tukikohta Syv\u00e4nm\u00e4entien varressa on hieno tukikohta j\u00e4senille ja heid\u00e4n perheilleen. Kapeisen k\u00e4mp\u00e4n hankinnasta sovittiin seuran ylim\u00e4\u00e4r\u00e4isess\u00e4 kokouksessa 16.6.2018 sek\u00e4 vanhan k\u00e4mp\u00e4n myynnist\u00e4 samanaikaisesti.<\/p><p>Varkauden Mets\u00e4st\u00e4jien toimintaan saatii merkitt\u00e4v\u00e4 toiminnallinen lis\u00e4, kun hirviluvat siirtyiv\u00e4t seuralle vuonna 2022. Ensimm\u00e4isen\u00e4 syksyn\u00e4 hirvijaokseen liittyi 24 j\u00e4sent\u00e4. Seuran j\u00e4senet ovat aiempinakin vuosina voineet osallistua hirvijahteihin. Stora Enson vierasjahtien j\u00e4lkeen j\u00e4ljelle j\u00e4\u00e4neet luvat voitiin k\u00e4ytt\u00e4\u00e4 seuran j\u00e4rjest\u00e4miss\u00e4 jahdeissa.<\/p><p>Kapeisen mets\u00e4k\u00e4mp\u00e4n yhteyteen rakennettiin v. 2004 hirvenk\u00e4sittelytila ja monet muut kunnostamista vaatineet kohteet on seuran j\u00e4senten hyv\u00e4ll\u00e4 talkooavulla ja ammattitaidolla saatu erinomaiseen kuntoon. Seuran toimintaa johtaa ja valvoo vuosittain valittava 5 henkinen hallitus.<\/p>\t\t\t\t\t\t\t\t<\/div>\n\t\t\t\t<\/div>\n\t\t\t\t\t<\/div>\n\t\t\t\t<\/div>\n\t\t<div class=\"elementor-element elementor-element-99f592b e-flex e-con-boxed e-con e-parent\" data-id=\"99f592b\" data-element_type=\"container\">\n\t\t\t\t\t<div class=\"e-con-inner\">\n\t\t\t\t<div class=\"elementor-element elementor-element-533e417 elementor-widget elementor-widget-image\" data-id=\"533e417\" data-element_type=\"widget\" data-widget_type=\"image.default\">\n\t\t\t\t<div class=\"elementor-widget-container\">\n\t\t\t\t\t\t\t\t\t\t\t\t\t\t\t<img decoding=\"async\" width=\"720\" height=\"405\" src=\"https:\/\/varkaudenmetsastajat.fi\/wp-content\/uploads\/2024\/01\/Majan-juhlakattaus-768x432.jpg\" class=\"attachment-medium_large size-medium_large wp-image-110\" alt=\"\" srcset=\"https:\/\/varkaudenmetsastajat.fi\/wp-content\/uploads\/2024\/01\/Majan-juhlakattaus-768x432.jpg 768w, https:\/\/varkaudenmetsastajat.fi\/wp-content\/uploads\/2024\/01\/Majan-juhlakattaus-300x169.jpg 300w, https:\/\/varkaudenmetsastajat.fi\/wp-content\/uploads\/2024\/01\/Majan-juhlakattaus-1024x577.jpg 1024w, https:\/\/varkaudenmetsastajat.fi\/wp-content\/uploads\/2024\/01\/Majan-juhlakattaus-1536x865.jpg 1536w, https:\/\/varkaudenmetsastajat.fi\/wp-content\/uploads\/2024\/01\/Majan-juhlakattaus-2048x1153.jpg 2048w\" sizes=\"(max-width: 720px) 100vw, 720px\" \/>\t\t\t\t\t\t\t\t\t\t\t\t\t\t\t<\/div>\n\t\t\t\t<\/div>\n\t\t\t\t\t<\/div>\n\t\t\t\t<\/div>\n\t\t<div class=\"elementor-element elementor-element-493e442 e-flex e-con-boxed e-con e-parent\" data-id=\"493e442\" data-element_type=\"container\">\n\t\t\t\t\t<div class=\"e-con-inner\">\n\t\t\t\t<div class=\"elementor-element elementor-element-5c4b4de elementor-widget elementor-widget-text-editor\" data-id=\"5c4b4de\" data-element_type=\"widget\" data-widget_type=\"text-editor.default\">\n\t\t\t\t<div class=\"elementor-widget-container\">\n\t\t\t\t\t\t\t\t\t<p><strong>Tarvittavat yhteydenoton seuran puheenjohtajlle Pentti Reinikaiselle.<\/strong><br \/><strong>Puh. 040-5477896 ja s\u00e4hk\u00f6postiosoite pentti.i.reinikainen@outlook.com.<\/strong><\/p>\t\t\t\t\t\t\t\t<\/div>\n\t\t\t\t<\/div>\n\t\t\t\t\t<\/div>\n\t\t\t\t<\/div>\n\t\t\t\t<\/div>\n\t\t","protected":false},"excerpt":{"rendered":"<p>SEURAN ESITTELY Varkauden Mets\u00e4st\u00e4j\u00e4t Ry:n perustamisesta sovittiin 20 henkil\u00f6n voimin v. 1948. Yhdistysrekisteriin merkint\u00e4 tapahtui 6.9.1949.\u00a0 P\u00e4\u00e4osa perustajaj\u00e4senist\u00e4 oli A. Ahlstr\u00f6m Osakeyhti\u00f6n palveluksessa ja my\u00f6hemminkin seuraan liittyneet j\u00e4senet ovat suurelta osin olleet Ahlstr\u00f6min henkil\u00f6kuntaa ja 1987 tapahtuneen yrityskaupan my\u00f6t\u00e4 Stora Ensolaisia.\u00a0 Seuraa pidet\u00e4\u00e4n edelleen yhti\u00f6n mets\u00e4stysseurana vaikka j\u00e4seneksi voidaan valita my\u00f6s yhti\u00f6\u00f6n kuulumattomia henkil\u00f6it\u00e4. Huomionarvoista [&hellip;]<\/p>\n","protected":false},"author":1,"featured_media":0,"parent":0,"menu_order":0,"comment_status":"closed","ping_status":"closed","template":"elementor_header_footer","meta":{"footnotes":""},"class_list":["post-12","page","type-page","status-publish","hentry","post"],"_links":{"self":[{"href":"https:\/\/varkaudenmetsastajat.fi\/index.php\/wp-json\/wp\/v2\/pages\/12","targetHints":{"allow":["GET"]}}],"collection":[{"href":"https:\/\/varkaudenmetsastajat.fi\/index.php\/wp-json\/wp\/v2\/pages"}],"about":[{"href":"https:\/\/varkaudenmetsastajat.fi\/index.php\/wp-json\/wp\/v2\/types\/page"}],"author":[{"embeddable":true,"href":"https:\/\/varkaudenmetsastajat.fi\/index.php\/wp-json\/wp\/v2\/users\/1"}],"replies":[{"embeddable":true,"href":"https:\/\/varkaudenmetsastajat.fi\/index.php\/wp-json\/wp\/v2\/comments?post=12"}],"version-history":[{"count":28,"href":"https:\/\/varkaudenmetsastajat.fi\/index.php\/wp-json\/wp\/v2\/pages\/12\/revisions"}],"predecessor-version":[{"id":1071,"href":"https:\/\/varkaudenmetsastajat.fi\/index.php\/wp-json\/wp\/v2\/pages\/12\/revisions\/1071"}],"wp:attachment":[{"href":"https:\/\/varkaudenmetsastajat.fi\/index.php\/wp-json\/wp\/v2\/media?parent=12"}],"curies":[{"name":"wp","href":"https:\/\/api.w.org\/{rel}","templated":true}]}}